{"id":872,"date":"2022-03-16T14:03:40","date_gmt":"2022-03-16T18:03:40","guid":{"rendered":"https:\/\/geoweb.lemig.umontreal.ca\/geolibre\/?page_id=872"},"modified":"2024-04-27T14:01:08","modified_gmt":"2024-04-27T18:01:08","slug":"qui-nous-sommes_edition-no2","status":"publish","type":"page","link":"https:\/\/geoweb.cedvs.umontreal.ca\/geolibre\/index.php\/qui-nous-sommes_edition-no2\/","title":{"rendered":"Qui sommes-nous?"},"content":{"rendered":"\n<h2 class=\"wp-block-heading\"><strong><strong><em>G\u00e9oLibre\u2013 <\/em>qu\u2019est-ce que c\u2019est<\/strong>?<\/strong><\/h2>\n\n\n\n<p>Le projet de publication <em>G\u00e9oLibre <\/em>est n\u00e9 de la volont\u00e9 des \u00e9tudiantes et des \u00e9tudiants des cycles sup\u00e9rieurs en g\u00e9ographie de l&rsquo;Universit\u00e9 de Montr\u00e9al de se doter d\u2019un espace de cr\u00e9ation et de diffusion qui leur appartienne et dans lequel elles et ils peuvent se reconna\u00eetre.<\/p>\n\n\n\n<p>En favorisant l\u2019expression de perspectives originales sur des enjeux g\u00e9ographiques de leur choix, et lib\u00e9r\u00e9s de plusieurs des contraintes rigides qui sont inh\u00e9rentes aux publications scientifiques conventionnelles, les participantes et participants pourront mettre en vitrine leur cr\u00e9ativit\u00e9 scientifique et artistique.<\/p>\n\n\n\n<p>Gr\u00e2ce \u00e0 un format WEB souple et visuellement attrayant, ainsi qu&rsquo;\u00e0 l&rsquo;aide d&rsquo;un service de r\u00e9vision externe, nous esp\u00e9rons faire rayonner les savoirs \u00e9tudiants et le d\u00e9partement dans son ensemble.<\/p>\n\n\n\n<p>Toute la vie d\u00e9partementale s\u2019en trouvera dynamis\u00e9e, stimulant les \u00e9changes entre des personnes qui ne sont pas amen\u00e9es \u00e0 travailler ensemble et permettant ainsi de retrouver un esprit de corps et de communaut\u00e9 dans cette nouvelle normalit\u00e9 \u00e0 distance.<\/p>\n\n\n\n<h2 class=\"wp-block-heading\"><strong><strong>Notre \u00e9quipe<\/strong><\/strong><\/h2>\n\n\n\n<h3 class=\"wp-block-heading\">Comit\u00e9 organisateur 2022<\/h3>\n\n\n\n<p><\/p>\n\n\n\n<div class=\"wp-block-media-text alignwide has-media-on-the-right is-stacked-on-mobile\" style=\"grid-template-columns:auto 15%\"><div class=\"wp-block-media-text__content\">\n<p><strong>Etienne Taschereau<\/strong>, \u00e9tudiant \u00e0 la ma\u00eetrise stage en g\u00e9ographie (2020-) sous la supervision d&rsquo;Olivier Blarquez (UdeM). Coordonnateur du comit\u00e9 de publication <em>G\u00e9oLibre<\/em>.<\/p>\n<\/div><figure class=\"wp-block-media-text__media\"><img loading=\"lazy\" decoding=\"async\" width=\"300\" height=\"300\" src=\"https:\/\/geoweb.lemig.umontreal.ca\/geolibre\/wp-content\/uploads\/2024\/04\/avatar.png\" alt=\"\" class=\"wp-image-925 size-full\" srcset=\"https:\/\/geoweb.cedvs.umontreal.ca\/geolibre\/wp-content\/uploads\/2024\/04\/avatar.png 300w, https:\/\/geoweb.cedvs.umontreal.ca\/geolibre\/wp-content\/uploads\/2024\/04\/avatar-150x150.png 150w\" sizes=\"auto, (max-width: 300px) 100vw, 300px\" \/><\/figure><\/div>\n\n\n\n<p><\/p>\n\n\n\n<div class=\"wp-block-media-text alignwide is-stacked-on-mobile\" style=\"grid-template-columns:31% auto\"><figure class=\"wp-block-media-text__media\"><img loading=\"lazy\" decoding=\"async\" width=\"819\" height=\"1024\" src=\"https:\/\/geoweb.lemig.umontreal.ca\/geolibre\/wp-content\/uploads\/2021\/02\/IMG_20200911_185716_650-819x1024.jpg\" alt=\"\" class=\"wp-image-455 size-full\" srcset=\"https:\/\/geoweb.cedvs.umontreal.ca\/geolibre\/wp-content\/uploads\/2021\/02\/IMG_20200911_185716_650-819x1024.jpg 819w, https:\/\/geoweb.cedvs.umontreal.ca\/geolibre\/wp-content\/uploads\/2021\/02\/IMG_20200911_185716_650-240x300.jpg 240w, https:\/\/geoweb.cedvs.umontreal.ca\/geolibre\/wp-content\/uploads\/2021\/02\/IMG_20200911_185716_650-768x960.jpg 768w, https:\/\/geoweb.cedvs.umontreal.ca\/geolibre\/wp-content\/uploads\/2021\/02\/IMG_20200911_185716_650-1229x1536.jpg 1229w, https:\/\/geoweb.cedvs.umontreal.ca\/geolibre\/wp-content\/uploads\/2021\/02\/IMG_20200911_185716_650-1638x2048.jpg 1638w, https:\/\/geoweb.cedvs.umontreal.ca\/geolibre\/wp-content\/uploads\/2021\/02\/IMG_20200911_185716_650-450x563.jpg 450w, https:\/\/geoweb.cedvs.umontreal.ca\/geolibre\/wp-content\/uploads\/2021\/02\/IMG_20200911_185716_650-1024x1280.jpg 1024w, https:\/\/geoweb.cedvs.umontreal.ca\/geolibre\/wp-content\/uploads\/2021\/02\/IMG_20200911_185716_650-480x600.jpg 480w, https:\/\/geoweb.cedvs.umontreal.ca\/geolibre\/wp-content\/uploads\/2021\/02\/IMG_20200911_185716_650-scaled.jpg 2048w\" sizes=\"auto, (max-width: 819px) 100vw, 819px\" \/><\/figure><div class=\"wp-block-media-text__content\">\n<p><strong>Jessie Bigras-Lauzon,<\/strong> \u00e9tudiante \u00e0 la ma\u00eetrise recherche en g\u00e9ographie (2019-) sous la supervision de Luna Vives (UdeM).<\/p>\n<\/div><\/div>\n\n\n\n<p><\/p>\n\n\n\n<div class=\"wp-block-media-text alignwide has-media-on-the-right is-stacked-on-mobile\" style=\"grid-template-columns:auto 31%\"><div class=\"wp-block-media-text__content\">\n<p><strong>Max \u00c9mile Kessler-Nadeau<\/strong>, dipl\u00f4m\u00e9 2022 de la ma\u00eetrise recherche en g\u00e9ographie sous la co-supervision de Julie Talbot (UdeM) et Fran\u00e7ois Courchesne (UdeM).<\/p>\n<\/div><figure class=\"wp-block-media-text__media\"><img loading=\"lazy\" decoding=\"async\" width=\"683\" height=\"1024\" src=\"https:\/\/geoweb.lemig.umontreal.ca\/geolibre\/wp-content\/uploads\/2021\/02\/MEKN2-1-683x1024.jpg\" alt=\"\" class=\"wp-image-411 size-full\" srcset=\"https:\/\/geoweb.cedvs.umontreal.ca\/geolibre\/wp-content\/uploads\/2021\/02\/MEKN2-1-683x1024.jpg 683w, https:\/\/geoweb.cedvs.umontreal.ca\/geolibre\/wp-content\/uploads\/2021\/02\/MEKN2-1-200x300.jpg 200w, https:\/\/geoweb.cedvs.umontreal.ca\/geolibre\/wp-content\/uploads\/2021\/02\/MEKN2-1-768x1151.jpg 768w, https:\/\/geoweb.cedvs.umontreal.ca\/geolibre\/wp-content\/uploads\/2021\/02\/MEKN2-1-1025x1536.jpg 1025w, https:\/\/geoweb.cedvs.umontreal.ca\/geolibre\/wp-content\/uploads\/2021\/02\/MEKN2-1-1367x2048.jpg 1367w, https:\/\/geoweb.cedvs.umontreal.ca\/geolibre\/wp-content\/uploads\/2021\/02\/MEKN2-1-450x674.jpg 450w, https:\/\/geoweb.cedvs.umontreal.ca\/geolibre\/wp-content\/uploads\/2021\/02\/MEKN2-1-1024x1534.jpg 1024w, https:\/\/geoweb.cedvs.umontreal.ca\/geolibre\/wp-content\/uploads\/2021\/02\/MEKN2-1-400x600.jpg 400w, https:\/\/geoweb.cedvs.umontreal.ca\/geolibre\/wp-content\/uploads\/2021\/02\/MEKN2-1-scaled.jpg 1709w\" sizes=\"auto, (max-width: 683px) 100vw, 683px\" \/><\/figure><\/div>\n\n\n\n<p><\/p>\n\n\n\n<div class=\"wp-block-media-text alignwide is-stacked-on-mobile\" style=\"grid-template-columns:31% auto\"><figure class=\"wp-block-media-text__media\"><img loading=\"lazy\" decoding=\"async\" width=\"768\" height=\"1024\" src=\"https:\/\/geoweb.lemig.umontreal.ca\/geolibre\/wp-content\/uploads\/2022\/01\/Photo_Eemilie-768x1024.jpg\" alt=\"\" class=\"wp-image-731 size-full\" srcset=\"https:\/\/geoweb.cedvs.umontreal.ca\/geolibre\/wp-content\/uploads\/2022\/01\/Photo_Eemilie-768x1024.jpg 768w, https:\/\/geoweb.cedvs.umontreal.ca\/geolibre\/wp-content\/uploads\/2022\/01\/Photo_Eemilie-225x300.jpg 225w, https:\/\/geoweb.cedvs.umontreal.ca\/geolibre\/wp-content\/uploads\/2022\/01\/Photo_Eemilie-1152x1536.jpg 1152w, https:\/\/geoweb.cedvs.umontreal.ca\/geolibre\/wp-content\/uploads\/2022\/01\/Photo_Eemilie-1537x2048.jpg 1537w, https:\/\/geoweb.cedvs.umontreal.ca\/geolibre\/wp-content\/uploads\/2022\/01\/Photo_Eemilie-450x600.jpg 450w, https:\/\/geoweb.cedvs.umontreal.ca\/geolibre\/wp-content\/uploads\/2022\/01\/Photo_Eemilie-1024x1365.jpg 1024w, https:\/\/geoweb.cedvs.umontreal.ca\/geolibre\/wp-content\/uploads\/2022\/01\/Photo_Eemilie-scaled.jpg 1921w\" sizes=\"auto, (max-width: 768px) 100vw, 768px\" \/><\/figure><div class=\"wp-block-media-text__content\">\n<p><strong>\u00c9milie Jolin<\/strong>, \u00e9tudiante \u00e0 la ma\u00eetrise recherche en g\u00e9ographie (2020-) sous la co-supervision de Julie Talbot (UdeM) et Line Rochefort (ULaval).<\/p>\n<\/div><\/div>\n\n\n\n<p><\/p>\n\n\n\n<h3 class=\"wp-block-heading\">Conseill\u00e8re et conseiller externes<\/h3>\n\n\n\n<p><\/p>\n\n\n\n<div class=\"wp-block-media-text alignwide has-media-on-the-right is-stacked-on-mobile\" style=\"grid-template-columns:auto 31%\"><div class=\"wp-block-media-text__content\">\n<p><strong>Linamar Campos-Flores<\/strong>, dipl\u00f4m\u00e9e 2020 du doctorat en g\u00e9ographie de l\u2019Universit\u00e9 de Montr\u00e9al sous la supervision de Patricia Martin.<\/p>\n<\/div><figure class=\"wp-block-media-text__media\"><img loading=\"lazy\" decoding=\"async\" width=\"504\" height=\"478\" src=\"https:\/\/geoweb.lemig.umontreal.ca\/geolibre\/wp-content\/uploads\/2021\/02\/LCF.jpg\" alt=\"\" class=\"wp-image-458 size-full\" srcset=\"https:\/\/geoweb.cedvs.umontreal.ca\/geolibre\/wp-content\/uploads\/2021\/02\/LCF.jpg 504w, https:\/\/geoweb.cedvs.umontreal.ca\/geolibre\/wp-content\/uploads\/2021\/02\/LCF-300x285.jpg 300w, https:\/\/geoweb.cedvs.umontreal.ca\/geolibre\/wp-content\/uploads\/2021\/02\/LCF-450x427.jpg 450w\" sizes=\"auto, (max-width: 504px) 100vw, 504px\" \/><\/figure><\/div>\n\n\n\n<p><\/p>\n\n\n\n<div class=\"wp-block-media-text alignwide is-stacked-on-mobile\" style=\"grid-template-columns:31% auto\"><figure class=\"wp-block-media-text__media\"><img loading=\"lazy\" decoding=\"async\" width=\"500\" height=\"550\" src=\"https:\/\/geoweb.lemig.umontreal.ca\/geolibre\/wp-content\/uploads\/2021\/02\/AGP.jpg\" alt=\"\" class=\"wp-image-460 size-full\" srcset=\"https:\/\/geoweb.cedvs.umontreal.ca\/geolibre\/wp-content\/uploads\/2021\/02\/AGP.jpg 500w, https:\/\/geoweb.cedvs.umontreal.ca\/geolibre\/wp-content\/uploads\/2021\/02\/AGP-273x300.jpg 273w, https:\/\/geoweb.cedvs.umontreal.ca\/geolibre\/wp-content\/uploads\/2021\/02\/AGP-450x495.jpg 450w\" sizes=\"auto, (max-width: 500px) 100vw, 500px\" \/><\/figure><div class=\"wp-block-media-text__content\">\n<p><strong>Alexandre Guertin-Pasquier<\/strong>, dipl\u00f4m\u00e9 2013 de la ma\u00eetrise recherche en g\u00e9ographie de l&rsquo;Universit\u00e9 de Montr\u00e9al sous la supervision de Daniel Fortier (UdeM). Pr\u00e9sentement coordonnateur aux activit\u00e9s \u00e9tudiantes et scientifiques chez IVADO. <\/p>\n<\/div><\/div>\n\n\n\n<p><\/p>\n\n\n\n<p>L&rsquo;\u00e9quipe de b\u00e9n\u00e9voles s&rsquo;est adjoint les services de lecteurs et lectrices externes : <\/p>\n\n\n\n<p>Alexandre Guertin-Pasquier, Angelica Alberti-Dufort et Emmanuelle Lescouet.<\/p>\n","protected":false},"excerpt":{"rendered":"<p>G\u00e9oLibre\u2013 qu\u2019est-ce que c\u2019est? Le projet de publication G\u00e9oLibre est n\u00e9 de la volont\u00e9 des \u00e9tudiantes et des [&hellip;]<\/p>\n","protected":false},"author":3,"featured_media":0,"parent":0,"menu_order":2,"comment_status":"closed","ping_status":"closed","template":"","meta":{"footnotes":""},"class_list":["post-872","page","type-page","status-publish","hentry"],"_links":{"self":[{"href":"https:\/\/geoweb.cedvs.umontreal.ca\/geolibre\/index.php\/wp-json\/wp\/v2\/pages\/872","targetHints":{"allow":["GET"]}}],"collection":[{"href":"https:\/\/geoweb.cedvs.umontreal.ca\/geolibre\/index.php\/wp-json\/wp\/v2\/pages"}],"about":[{"href":"https:\/\/geoweb.cedvs.umontreal.ca\/geolibre\/index.php\/wp-json\/wp\/v2\/types\/page"}],"author":[{"embeddable":true,"href":"https:\/\/geoweb.cedvs.umontreal.ca\/geolibre\/index.php\/wp-json\/wp\/v2\/users\/3"}],"replies":[{"embeddable":true,"href":"https:\/\/geoweb.cedvs.umontreal.ca\/geolibre\/index.php\/wp-json\/wp\/v2\/comments?post=872"}],"version-history":[{"count":12,"href":"https:\/\/geoweb.cedvs.umontreal.ca\/geolibre\/index.php\/wp-json\/wp\/v2\/pages\/872\/revisions"}],"predecessor-version":[{"id":933,"href":"https:\/\/geoweb.cedvs.umontreal.ca\/geolibre\/index.php\/wp-json\/wp\/v2\/pages\/872\/revisions\/933"}],"wp:attachment":[{"href":"https:\/\/geoweb.cedvs.umontreal.ca\/geolibre\/index.php\/wp-json\/wp\/v2\/media?parent=872"}],"curies":[{"name":"wp","href":"https:\/\/api.w.org\/{rel}","templated":true}]}}